igit of 1191304?
1
What is the units digit of 6207?
7
What is the thousands digit of 488085?
8
What is the tens digit of 146184?
8
What is the hundreds digit of 567994?
9
What is the tens digit of 367179?
7
What is the ten thousands digit of 1329622?
2
What is the thousands digit of 29139?
9
What is the tens digit of 344658?
5
What is the units digit of 1420017?
7
What is the units digit of 11559338?
8
What is the ten thousands digit of 370386?
7
What is the hundreds digit of 2711516?
5
What is the tens digit of 8539129?
2
What is the tens digit of 66155?
5
What is the millions digit of 39962195?
9
What is the ten thousands digit of 623540?
2
What is the tens digit of 667251?
5
What is the units digit of 1548979?
9
What is the millions digit of 10661247?
0
What is the hundreds digit of 340761?
7
What is the hundreds digit of 542713?
7
What is the tens digit of 5862186?
8
What is the hundreds digit of 3672556?
5
What is the hundred thousands digit of 412933?
4
What is the hundred thousands digit of 6220571?
2
What is the thousands digit of 33023632?
3
What is the ten millions digit of 32953980?
3
What is the thousands digit of 163448?
3
What is the hundreds digit of 3070346?
3
What is the thousands digit of 1090751?
0
What is the tens digit of 84503?
0
What is the tens digit of 1246851?
5
What is the units digit of 2363142?
2
What is the tens digit of 3385405?
0
What is the hundreds digit of 478187?
1
What is the millions digit of 8154371?
8
What is the hundreds digit of 544?
5
What is the tens digit of 645613?
1
What is the thousands digit of 643059?
3
What is the thousands digit of 782669?
2
What is the hundreds digit of 145215?
2
What is the tens digit of 1812480?
8
What is the hundreds digit of 2774000?
0
What is the tens digit of 201580?
8
What is the thousands digit of 44638?
4
What is the hundred thousands digit of 3019609?
0
What is the ten millions digit of 13400826?
1
What is the tens digit of 1195156?
5
What is the millions digit of 2089363?
2
What is the hundred thousands digit of 222309?
2
What is the tens digit of 922524?
2
What is the hundred thousands digit of 8405919?
4
What is the units digit of 5449996?
6
What is the units digit of 436903?
3
What is the hundreds digit of 8554158?
1
What is the hundreds digit of 947260?
2
What is the millions digit of 3724886?
3
What is the hundreds digit of 2440491?
4
What is the hundreds digit of 7829?
8
What is the thousands digit of 819938?
9
What is the tens digit of 27120984?
8
What is the units digit of 3673234?
4
What is the units digit of 8363396?
6
What is the tens digit of 38411?
1
What is the tens digit of 6107769?
6
What is the tens digit of 9607473?
7
What is the ten thousands digit of 77701?
7
What is the hundred thousands digit of 186392?
1
What is the hundreds digit of 199236?
2
What is the ten thousands digit of 2637200?
3
What is the ten thousands digit of 640661?
4
What is the tens digit of 152774?
7
What is the millions digit of 2563040?
2
What is the thousands digit of 11473?
1
What is the tens digit of 8176523?
2
What is the tens digit of 14186543?
4
What is the tens digit of 150219?
1
What is the tens digit of 814039?
3
What is the hundred thousands digit of 6330049?
3
What is the units digit of 3977692?
2
What is the ten thousands digit of 17384594?
8
What is the hundreds digit of 263676?
6
What is the units digit of 1734518?
8
What is the tens digit of 627785?
8
What is the units digit of 6998909?
9
What is the ten thousands digit of 1660854?
6
What is the hundreds digit of 1255087?
0
What is the tens digit of 622814?
1
What is the hundreds digit of 837368?
3
What is the millions digit of 3365594?
3
What is the millions digit of 3976459?
3
What is the units digit of 73254?
4
What is the thousands digit of 2943887?
3
What is the hundreds digit of 9959341?
3
What is the millions digit of 2174284?
2
What is the thousands digit of 1333108?
3
What is the thousands digit of 412519?
2
What is the hundred thousands digit of 2113247?
1
What is the thousands digit of 636880?
6
What is the units digit of 350978?
8
What is the ten thousands digit of 8497301?
9
What is the tens digit of 661544?
4
What is the thousands digit of 70786?
0
What is the thousands digit of 5907998?
7
What is the units digit of 202790?
0
What is the tens digit of 708314?
1
What is the hundred thousands digit of 5450071?
4
What is the thousands digit of 4638454?
8
What is the thousands digit of 256994?
6
What is the hundreds digit of 8282?
2
What is the ten thousands digit of 553451?
5
What is the thousands digit of 32378?
2
What is the tens digit of 90277?
7
What is the units digit of 5744435?
5
What is the hundred thousands digit of 6517130?
5
What is the ten thousands digit of 63444?
6
What is the tens digit of 4922122?
2
What is the thousands digit of 92260?
2
What is the hundreds digit of 803889?
8
What is the hundred thousands digit of 173087?
1
What is the tens digit of 8383972?
7
What is the thousands digit of 3053176?
3
What is the hundred thousands digit of 567326?
5
What is the hundreds digit of 602404?
4
What is the hundred thousands digit of 4067673?
0
What is the tens digit of 356889?
8
What is the hundreds digit of 9407058?
0
What is the units digit of 2707339?
9
What is the hundreds digit of 253476?
4
What is the hundreds digit of 666606?
6
What is the hundred thousands digit of 190504?
1
What is the hundreds digit of 876?
8
What is the units digit of 30123138?
8
What is the ten thousands digit of 6474462?
7
What is the ten millions digit of 13424520?
1
What is the ten thousands digit of 3202460?
0
What is the tens digit of 97789?
8
What is the tens digit of 768150?
5
What is the ten thousands digit of 92018?
9
What is the tens digit of 387547?
4
What is the units digit of 31055214?
4
What is the hundreds digit of 239894?
8
What is the ten thousands digit of 3511892?
1
What is the thousands digit of 2279882?
9
What is the ten thousands digit of 5474446?
7
What is the units digit of 853154?
4
What is the thousands digit of 3651182?
1
What is the hundred thousands digit of 6517489?
5
What is the hundred thousands digit of 797548?
7
What is the hundreds digit of 3192491?
4
What is the tens digit of 9841747?
4
What is the thousands digit of 97829?
7
What is the tens digit of 162456?
5
What is the hundred thousands digit of 310209?
3
What is the hundreds digit of 530832?
8
What is the ten thousands digit of 11855320?
5
What is the hundred thousands digit of 646144?
6
What is the tens digit of 350752?
5
What is the thousands digit of 1954664?
4
What is the tens digit of 228452?
5
What is the thousands digit of 932627?
2
What is the units digit of 1323860?
0
What is the ten thousands digit of 25414703?
1
What is the thousands digit of 14202911?
2
What is the thousands digit of 138926?
8
What is the thousands digit of 2489684?
9
What is the units digit of 206802?
2
What is the ten thousands digit of 648038?
4
What is the thousands digit of 21307644?
7
What is the tens digit of 207262?
6
What is the hundreds digit of 410720?
7
What is the hundreds digit of 930306?
3
What is the ten thousands digit of 8571950?
7
What is the tens digit of 9342533?
3
What is the hundreds digit of 212553?
5
What is the ten millions digit of 10564212?
1
What is the hundreds digit of 6040543?
5
What is the millions digit of 12801836?
2
What is the tens digit of 864295?
9
What is the hundreds digit of 4793599?
5
What is the thousands digit of 513637?
3
What is the tens digit of 284617?
1
What is the tens digit of 956391?
9
What is the hundreds digit of 41752131?
1
What is the millions digit of 19874445?
9
What is the millions digit of 18475894?
8
What is the hundreds digit of 401820?
8
What is the tens digit of 470875?
7
What is the units digit of 1438922?
2
What is the units digit of 2592060?
0
What is the hundreds digit of 221026?
0
What is the thousands digit of 7597170?
7
What is the ten thousands digit of 28560867?
6
What is the hundred thousands digit of 137614?
1
What is the hundreds digit of 69354?
3
What is the tens digit of 38174?
7
What is the tens digit of 6683948?
4
What is the hundred thousands digit of 13075073?
0
What is the hundred thousands digit of 10577937?
5
What is the hundreds digit of 839946?
9